17*d + 44 = -6*d. What is the remainder when (-9)/1*(-2 - -1) is divided by d?
1
Suppose -2*v + 2*d - 7*d = -111, -5*d = 25. Suppose 0*r + v = 4*r. What is the remainder when 32 is divided by r?
15
Suppose -4*g + 81 = -67. Suppose -4*a + 95 = a. Calculate the remainder when g is divided by a.
18
Suppose 0 = -5*o - s + 47, 4*o - s + 3*s - 34 = 0. Calculate the remainder when (-2 - -37)*(-4)/(-5) is divided by (2 + (-4 - -3))*o.
8
Let s = -11 - 0. Let u(m) = 26 + 2*m + 2*m - 3*m. What is the remainder when u(s) is divided by 8?
7
Suppose -2*g + 7 = -x + 1, 0 = 2*g - 3*x - 14. Calculate the remainder when 18 is divided by -7*(2 + -4 + g).
4
Let q(o) = 11*o**2 + o - 2. Let y be q(2). Calculate the remainder when 21 is divided by (5/(-10))/((-2)/y).
10
Let q(x) = -x + 1. Suppose 3*r + r + 48 = 0. Suppose -2*z + 0*z = -14. Calculate the remainder when q(r) is divided by z.
6
Suppose -6*l + l + 50 = 0. Let j be 3*64/12 + 1. Suppose -10 - j = -p. Calculate the remainder when p is divided by l.
7
Let i(q) = q - 2. Let r be i(6). Suppose -r*v = -3*o - 26, -v + 3*v + 2*o = 6. Suppose -21 = -2*a - v. Calculate the remainder when 23 is divided by a.
7
Suppose -20*h + 24*h = 52. What is the remainder when 37 is divided by h?
11
Let i(y) = 0*y + 2*y**2 + 0*y**2 + 2*y. Suppose 0*w + 4*w - 2*x = 6, 5*x + 3 = 4*w. What is the remainder when 23 is divided by i(w)?
11
Let r = 31 + -10. Calculate the remainder when 41 is divided by r.
20
Suppose -30 = -l + 9. What is the remainder when l is divided by 8?
7
Calculate the remainder when 77 is divided by 356/18 - 14/(-63).
17
Let v be (-3)/2*12/9. Let c = v + 3. What is the remainder when 2 is divided by c?
0
Suppose -1243 = -3*y - 1081. Let p be 1/(-4) + 34/8. Suppose d + p*d - 70 = 0. Calculate the remainder when y is divided by d.
12
Calculate the remainder when (-1 - -1) + -2 + 69 is divided by 0 + 3 + 24 + 0 + -4.
21
Suppose -3*h = 58 - 85. What is the remainder when 25 is divided by h?
7
Let y(s) = s**2 + 5*s - 18. Let j be y(-6). Let t = 6 + 14. Let p = t + j. Calculate the remainder when 15 is divided by p.
7
Let v(t) = -5*t**2 + 37*t - 11. Calculate the remainder when v(7) is divided by ((-6)/(-9))/((-4)/(-6)).
0
Let w(q) = q**3 + 4*q**2 - 5*q + 12. Calculate the remainder when 22 is divided by w(-5).
10
Suppose -5*x - 4*n = -40, -5*x - 21 = -9*x - n. What is the remainder when 82 is divided by x?
2
Suppose -5*f - 40 = -10*f. Let z = -5 - -19. Calculate the remainder when z is divided by f.
6
Let g(o) be the second derivative of -17*o**5/10 - o**3/6 - o**2/2 - 7*o. Calculate the remainder when g(-1) is divided by 12.
10
Let s(g) = -g + 1. Let u be s(3). Let n(z) = -4*z - 3. Let i be n(u). Suppose 5*y = -i + 55. Calculate the remainder when 17 is divided by y.
7
Let f(o) = o**2 - 4*o + 9. Calculate the remainder when 12 is divided by f(2).
2
Let a = 25 + 6. Suppose 2*d + 7*o - 22 = 4*o, -o = 5*d - 81. What is the remainder when a is divided by d?
14
Let g(n) = 21*n - 6. Let x be g(4). Suppose 0 = 5*k - 8*h + 3*h - 85, 2*h - x = -5*k. What is the remainder when k is divided by ((-6)/(-5))/((-1)/(-5))?
4
Let n be 1 - 3 - -5 - 0. Suppose 26 = -p + n*p. Suppose -72 = 2*g - 5*g. Calculate the remainder when g is divided by p.
11
Suppose 5*w - 15 - 9 = -2*s, 4*w - 12 = 2*s. Suppose 0 = -c + 8 - w. Calculate the remainder when c is divided by 3.
1
Suppose -30 = -2*j + 2*d, -3*d = -j + 9 - 2. What is the remainder when 92 is divided by j?
16
Let h(l) = 10*l - 22. Calculate the remainder when 77 is divided by h(5).
21
Let n = 26 + -6. Let y = -8 + n. Calculate the remainder when 34 is divided by y.
10
Let d(l) = l**3 - 16*l**2 + 12*l - 38. Calculate the remainder when d(16) is divided by 31.
30
Let p(h) = h**3 - 3*h**2 + 2*h - 3. Let m = -8 + 11. What is the remainder when 6 is divided by p(m)?
0
Suppose 2*d - 10 = -5*u, 0 = -4*d - 3*u + 39 + 9. Calculate the remainder when 27 is divided by d.
12
Let f(h) = -h**2 + 4. Calculate the remainder when 17 is divided by f(0).
1
Suppose -86 = -3*n + 4*i, -2*i + 103 = 4*n - 5*i. Suppose -b + 343 = 3*b - 3*k, -k - 171 = -2*b. What is the remainder when b is divided by n?
19
Suppose 2*t + 6 = -4. Let y(f) = 5*f**2 - 8*f - 3. Let i be y(t). Suppose 3*x = -3*b + i - 63, 4*x = -16. Calculate the remainder when b is divided by 13.
11
Let t(o) = -16*o**2 + 2*o + 2. Let g(j) = j**2 + j + 1. Let c(u) = 3*g(u) - t(u). Calculate the remainder when c(-1) is divided by 7.
5
Let u be (-436)/(-12) - (-6)/9. Let f = u - 15. Calculate the remainder when 85 is divided by f.
19
Suppose 0*n + 8 = 2*n. Let w = -4 + 23. Let p = w - 9. Calculate the remainder when p is divided by n.
2
Let d(s) = 2*s + 50. Calculate the remainder when d(23) is divided by (9/9)/(1/33).
30
Suppose -5*f = -f. Let k = f + 1. Calculate the remainder when 81/2 + k/(-2) is divided by 14.
12
Let s = 95 - 68. Suppose 4*w - 18 = -d, 4*w + w - 4*d = 33. Suppose -w*x + s = r, 2*r - 5*r = 9. What is the remainder when x is divided by 4?
2
Let y be (-2)/5 - (-34)/10. Suppose 8*o = y*o + 50. Calculate the remainder when 39 is divided by o.
9
Suppose -2*p - 5*v + 4 = 0, -1 - 1 = v. Let q(b) = -2*b - 2. Let k be q(-5). Let g = k - 5. Calculate the remainder when p is divided by g.
1
Let d be (-4)/6*(-21)/2. Let o(q) = -q**3 + 9*q**2 - 8*q - 6. Suppose -5*y = 8 - 73. What is the remainder when o(d) is divided by y?
10
Let h(q) = q**3 + 3*q**2 + 2*q - 2. Let t be h(-2). Let m = 55 + t. What is the remainder when m is divided by 14?
11
Suppose r + 4*m + 48 = 3*r, 0 = 3*r - 4*m - 74. Calculate the remainder when r is divided by 1/(1*2/18).
8
Let d(c) = c**2 + c + 2. Let g be d(3). Suppose y = 2*w + g, y - w = 5*y - 29. What is the remainder when 21 is divided by y?
5
Let p = 9 - 4. Suppose -p*s - d = -50, -4*s - 4*d = d - 19. What is the remainder when (-19)/(-1) + (-4)/(-2) is divided by s?
10
Let k = 12 - 1. Suppose -1 + 10 = 3*j, -5*y = -2*j - 154. Calculate the remainder when y is divided by k.
10
Suppose -h = 3*h - 28. Calculate the remainder when -15*(-6)/9*2 is divided by h.
6
Suppose 4*p + t = -3*t - 12, -p - 18 = -4*t. Let m = p - -8. Calculate the remainder when 16 is divided by -3*(0 + -1)*m.
4
Calculate the remainder when 78 is divided by (-1)/((-235)/(-945) + 2/(-7)).
24
Let u(n) be the third derivative of -n**4/6 - n**3/2 - 3*n**2. What is the remainder when 24 is divided by u(-4)?
11
Let y(g) = -3*g**2 - 7*g**3 + 2*g**2 + 2*g**2 + 3 + 0*g**3 - 3*g. Let t be y(2). Let s = 101 + t. Calculate the remainder when s is divided by 12.
10
Suppose -r + 42 = -6. What is the remainder when r is divided by (19 - (4 - 2))*1?
14
Suppose 4*j = 2*h + 98, -h = j - 4*h - 37. Let a = j - 10. Suppose 2 = 5*t + q - 7, 0 = 3*q - a. Calculate the remainder when t is divided by 1.
0
Suppose -5*u - 82 = -132. Calculate the remainder when 26 is divided by u.
6
Let a(z) = z**3 + 6*z**2 - 9*z + 8. Let y be a(-7). Suppose 3*j = -2*m + 86, j - 2*j - 4*m = -y. What is the remainder when j is divided by 16?
14
Let q = 16 - 10. Let z = 62 + -103. Calculate the remainder when z/(-4) + 2/(-8) is divided by q.
4
Let n be 88/14 - 6/21. Calculate the remainder when (-1)/3 - (-176)/n is divided by 15.
14
Let v(h) = h**2 - 10*h - 10. Let s be v(10). Calculate the remainder when 81 is divided by ((-35)/s)/(2/12).
18
Let a(m) = 3*m**3 - 4*m**3 + 5*m - 3*m**2 - 4*m**2 - 3. Let w be (-3 - (2 - -1)) + -2. Calculate the remainder when 41 is divided by a(w).
20
Suppose -b = -0*b - 58. What is the remainder when b is divided by (36/30)/((-4)/(-50))?
13
Suppose -5*q - 4 = -q, -4*c = 5*q - 207. Calculate the remainder when c is divided by 18.
17
Suppose r - 21 = -2*r. Let o = 14 - r. Calculate the remainder when 27 is divided by o.
6
Suppose -5*y - 4 - 1 = 0, -5*y = -4*f + 9. What is the remainder when 20 is divided by 4 - -1 - (-3 + f)?
6
Let u be (-6)/5 - 5/(-25). Let v = 94 - u. What is the remainder when v is divided by 24?
23
Let o(y) = 7*y - 6. Calculate the remainder when o(7) is divided by 15.
13
Suppose 0 = -6*n + n. Suppose 0 = -4*m + 2*m - 5*u - 16, -3*m - 4*u - 17 = n. Let d(i) = -i + 3. What is the remainder when 17 is divided by d(m)?
5
Let n(t) = t**2 - 9*t. Let i(b) = 9*b**2 - 3*b + 2. Let y be i(2). Let g be 1*(-2 + y)/3. What is the remainder when 1